{"id":887,"date":"2023-07-07T12:09:30","date_gmt":"2023-07-07T12:09:30","guid":{"rendered":"https:\/\/www.premiojovellanos.com\/?page_id=887"},"modified":"2023-07-10T10:54:37","modified_gmt":"2023-07-10T10:54:37","slug":"ediciones-nobel","status":"publish","type":"page","link":"https:\/\/www.premiojovellanos.com\/?page_id=887","title":{"rendered":"Ediciones Nobel"},"content":{"rendered":"\n<p>La trayectoria de Ediciones Nobel se remonta al a\u00f1o 1989 cuando el periodista Graciano Garc\u00eda, director em\u00e9rito de la Fundaci\u00f3n Pr\u00edncipe de Asturias, decidi\u00f3 plasmar su pasi\u00f3n por los libros en un proyecto editorial que sigue siendo una referencia para todo aquel que tenga inter\u00e9s por la cultura.<br>A lo largo de su historia han sido innumerables los proyectos que han visto la luz; sin embargo, en Ediciones Nobel siempre ha habido una especial inclinaci\u00f3n hacia todas las propuestas que tienen que ver con los servicios editoriales, puesto que es una satisfacci\u00f3n contribuir a visibilizar la inclinaci\u00f3n de nuestros clientes hacia el conocimiento.<br>Ediciones Nobel no ha dejado de crecer en este tiempo y ahora forma parte de un grupo editorial formado por otros tres sellos, Ediciones Paraninfo, Ediciones Everest, Mundi-Prensa y Alfa Centauro, cuatro marcas muy diferentes, pero con un nexo com\u00fan: la experiencia y la excelencia.<\/p>\n\n\n\n<div class=\"wp-block-uagb-container uagb-block-af43c8cc alignfull uagb-is-root-container\"><div class=\"uagb-container-inner-blocks-wrap\"><\/div><\/div>\n","protected":false},"excerpt":{"rendered":"<p>La trayectoria de Ediciones Nobel se remonta al a\u00f1o 1989 cuando el periodista Graciano Garc\u00eda, director em\u00e9rito de la Fundaci\u00f3n Pr\u00edncipe de Asturias, decidi\u00f3 plasmar su pasi\u00f3n por los libros en un proyecto editorial que sigue siendo una referencia para todo aquel que tenga inter\u00e9s por la cultura.A lo largo de su historia han sido &hellip;<\/p>\n<p class=\"read-more\"> <a class=\"\" href=\"https:\/\/www.premiojovellanos.com\/?page_id=887\"> <span class=\"screen-reader-text\">Ediciones Nobel<\/span> Leer m\u00e1s &raquo;<\/a><\/p>\n","protected":false},"author":1,"featured_media":0,"parent":0,"menu_order":0,"comment_status":"closed","ping_status":"closed","template":"","meta":{"_uag_custom_page_level_css":"","site-sidebar-layout":"default","site-content-layout":"default","ast-global-header-display":"","ast-banner-title-visibility":"","ast-main-header-display":"","ast-hfb-above-header-display":"","ast-hfb-below-header-display":"","ast-hfb-mobile-header-display":"","site-post-title":"","ast-breadcrumbs-content":"","ast-featured-img":"","footer-sml-layout":"","theme-transparent-header-meta":"","adv-header-id-meta":"","stick-header-meta":"","header-above-stick-meta":"","header-main-stick-meta":"","header-below-stick-meta":"","footnotes":""},"class_list":["post-887","page","type-page","status-publish","hentry"],"uagb_featured_image_src":{"full":false,"thumbnail":false,"medium":false,"medium_large":false,"large":false,"1536x1536":false,"2048x2048":false},"uagb_author_info":{"display_name":"admin","author_link":"https:\/\/www.premiojovellanos.com\/?author=1"},"uagb_comment_info":0,"uagb_excerpt":"La trayectoria de Ediciones Nobel se remonta al a\u00f1o 1989 cuando el periodista Graciano Garc\u00eda, director em\u00e9rito de la Fundaci\u00f3n Pr\u00edncipe de Asturias, decidi\u00f3 plasmar su pasi\u00f3n por los libros en un proyecto editorial que sigue siendo una referencia para todo aquel que tenga inter\u00e9s por la cultura.A lo largo de su historia han sido&hellip;","_links":{"self":[{"href":"https:\/\/www.premiojovellanos.com\/index.php?rest_route=\/wp\/v2\/pages\/887","targetHints":{"allow":["GET"]}}],"collection":[{"href":"https:\/\/www.premiojovellanos.com\/index.php?rest_route=\/wp\/v2\/pages"}],"about":[{"href":"https:\/\/www.premiojovellanos.com\/index.php?rest_route=\/wp\/v2\/types\/page"}],"author":[{"embeddable":true,"href":"https:\/\/www.premiojovellanos.com\/index.php?rest_route=\/wp\/v2\/users\/1"}],"replies":[{"embeddable":true,"href":"https:\/\/www.premiojovellanos.com\/index.php?rest_route=%2Fwp%2Fv2%2Fcomments&post=887"}],"version-history":[{"count":3,"href":"https:\/\/www.premiojovellanos.com\/index.php?rest_route=\/wp\/v2\/pages\/887\/revisions"}],"predecessor-version":[{"id":914,"href":"https:\/\/www.premiojovellanos.com\/index.php?rest_route=\/wp\/v2\/pages\/887\/revisions\/914"}],"wp:attachment":[{"href":"https:\/\/www.premiojovellanos.com\/index.php?rest_route=%2Fwp%2Fv2%2Fmedia&parent=887"}],"curies":[{"name":"wp","href":"https:\/\/api.w.org\/{rel}","templated":true}]}}