{"id":78,"date":"2022-10-17T07:03:13","date_gmt":"2022-10-17T07:03:13","guid":{"rendered":"https:\/\/www.premiojovellanos.com\/?page_id=78"},"modified":"2025-01-27T09:26:55","modified_gmt":"2025-01-27T09:26:55","slug":"home","status":"publish","type":"page","link":"https:\/\/www.premiojovellanos.com\/","title":{"rendered":"Inicio"},"content":{"rendered":"\r\n<div class=\"wp-block-uagb-container uagb-block-848c81ae alignfull uagb-is-root-container\">\r\n<div class=\"uagb-container-inner-blocks-wrap\">\r\n<div class=\"wp-block-uagb-info-box uagb-block-12425947 uagb-infobox__content-wrap  uagb-infobox-icon-above-title uagb-infobox-image-valign-top\">\r\n<div class=\"uagb-ifb-content\">\r\n<div class=\"uagb-ifb-title-wrap\">\u00a0<\/div>\r\n<p class=\"uagb-ifb-desc\">Ediciones Nobel convoca el Premio Internacional de Ensayo Jovellanos con\u00a0periodicidad anual. Este galard\u00f3n\u00a0tiene por finalidad dar a conocer propuestas originales y reflexiones profundas que estimulen la apertura de nuevos caminos en la permanente lucha del hombre por ensanchar los horizontes de su conocimiento y por hallar respuestas a los numerosos problemas e interrogantes que conmueven a la sociedad contempor\u00e1nea.<br \/>La obra ganadora ser\u00e1 publicada tras conocerse el fallo del jurado, queriendo aportar as\u00ed al sector del libro y al panorama cultural espa\u00f1ol un producto editorial de contrastada calidad. La concesi\u00f3n de este galard\u00f3n, cuya dotaci\u00f3n econ\u00f3mica es de 9.000 euros, estar\u00e1 sujeta al reglamento que acompa\u00f1a a cada convocatoria.\u00a0<\/p>\r\n<p><img fetchpriority=\"high\" decoding=\"async\" class=\"size-medium wp-image-965 aligncenter\" src=\"https:\/\/www.premiojovellanos.com\/wp-content\/uploads\/2024\/02\/8f112c60-2e3e-4c4e-9f30-fff6659697cc.jpg-300x200.jpg\" alt=\"\" width=\"300\" height=\"200\" srcset=\"https:\/\/www.premiojovellanos.com\/wp-content\/uploads\/2024\/02\/8f112c60-2e3e-4c4e-9f30-fff6659697cc.jpg-300x200.jpg 300w, https:\/\/www.premiojovellanos.com\/wp-content\/uploads\/2024\/02\/8f112c60-2e3e-4c4e-9f30-fff6659697cc.jpg-1024x683.jpg 1024w, https:\/\/www.premiojovellanos.com\/wp-content\/uploads\/2024\/02\/8f112c60-2e3e-4c4e-9f30-fff6659697cc.jpg-768x512.jpg 768w, https:\/\/www.premiojovellanos.com\/wp-content\/uploads\/2024\/02\/8f112c60-2e3e-4c4e-9f30-fff6659697cc.jpg-1536x1024.jpg 1536w, https:\/\/www.premiojovellanos.com\/wp-content\/uploads\/2024\/02\/8f112c60-2e3e-4c4e-9f30-fff6659697cc.jpg.jpg 1882w\" sizes=\"(max-width: 300px) 100vw, 300px\" \/><\/p>\r\n<div class=\"uagb-ifb-button-wrapper wp-block-button\"><a class=\"uagb-infobox-cta-link wp-block-button__link\" href=\"https:\/\/www.premiojovellanos.com\/?page_id=939\" rel=\"noopener noreferrer\"><span class=\"uagb-inline-editing\">Leer m\u00e1s<\/span><\/a><\/div>\r\n<\/div>\r\n<\/div>\r\n\r\n\r\n\r\n<div class=\"wp-block-uagb-container uagb-block-dee4a4ec\">\r\n<div class=\"wp-block-uagb-image aligncenter uagb-block-99a3f1eb wp-block-uagb-image--layout-default wp-block-uagb-image--effect-zoomin wp-block-uagb-image--align-center\">\u00a0<\/div>\r\n<\/div>\r\n<\/div>\r\n<\/div>\r\n","protected":false},"excerpt":{"rendered":"","protected":false},"author":1,"featured_media":0,"parent":0,"menu_order":0,"comment_status":"closed","ping_status":"closed","template":"","meta":{"_uag_custom_page_level_css":"","site-sidebar-layout":"default","site-content-layout":"page-builder","ast-global-header-display":"","ast-banner-title-visibility":"","ast-main-header-display":"","ast-hfb-above-header-display":"","ast-hfb-below-header-display":"","ast-hfb-mobile-header-display":"","site-post-title":"disabled","ast-breadcrumbs-content":"","ast-featured-img":"","footer-sml-layout":"","theme-transparent-header-meta":"disabled","adv-header-id-meta":"","stick-header-meta":"","header-above-stick-meta":"","header-main-stick-meta":"","header-below-stick-meta":"","footnotes":""},"class_list":["post-78","page","type-page","status-publish","hentry"],"uagb_featured_image_src":{"full":false,"thumbnail":false,"medium":false,"medium_large":false,"large":false,"1536x1536":false,"2048x2048":false},"uagb_author_info":{"display_name":"admin","author_link":"https:\/\/www.premiojovellanos.com\/?author=1"},"uagb_comment_info":0,"uagb_excerpt":null,"_links":{"self":[{"href":"https:\/\/www.premiojovellanos.com\/index.php?rest_route=\/wp\/v2\/pages\/78","targetHints":{"allow":["GET"]}}],"collection":[{"href":"https:\/\/www.premiojovellanos.com\/index.php?rest_route=\/wp\/v2\/pages"}],"about":[{"href":"https:\/\/www.premiojovellanos.com\/index.php?rest_route=\/wp\/v2\/types\/page"}],"author":[{"embeddable":true,"href":"https:\/\/www.premiojovellanos.com\/index.php?rest_route=\/wp\/v2\/users\/1"}],"replies":[{"embeddable":true,"href":"https:\/\/www.premiojovellanos.com\/index.php?rest_route=%2Fwp%2Fv2%2Fcomments&post=78"}],"version-history":[{"count":11,"href":"https:\/\/www.premiojovellanos.com\/index.php?rest_route=\/wp\/v2\/pages\/78\/revisions"}],"predecessor-version":[{"id":996,"href":"https:\/\/www.premiojovellanos.com\/index.php?rest_route=\/wp\/v2\/pages\/78\/revisions\/996"}],"wp:attachment":[{"href":"https:\/\/www.premiojovellanos.com\/index.php?rest_route=%2Fwp%2Fv2%2Fmedia&parent=78"}],"curies":[{"name":"wp","href":"https:\/\/api.w.org\/{rel}","templated":true}]}}